{"id":937,"date":"2021-10-08T15:40:32","date_gmt":"2021-10-08T15:40:32","guid":{"rendered":"http:\/\/moja-terapia.pl\/?page_id=937"},"modified":"2025-05-28T19:16:02","modified_gmt":"2025-05-28T19:16:02","slug":"kocham-to-miejsce","status":"publish","type":"page","link":"https:\/\/moja-terapia.pl\/?page_id=937","title":{"rendered":"MILE WIDZIANI"},"content":{"rendered":"<p style=\"text-align: justify;\"><span style=\"font-size: 14pt; color: #333333; font-family: verdana, geneva, sans-serif;\"><strong>Chc\u0119 stworzy\u0107 przestrze\u0144, w kt\u00f3rej mo\u017cliwe b\u0119dzie po\u0142\u0105czenie wszystkiego, co uwa\u017cam za niezb\u0119dne dla zdrowia psychicznego &#8211; autentycznego kontaktu ze sob\u0105, drugim cz\u0142owiekiem i natur\u0105 oraz mo\u017cliwo\u015bci odkrywania r\u00f3\u017cnych kombinacji tych trzech sk\u0142adnik\u00f3w &#8211; sposobu w jaki wp\u0142ywaj\u0105 na nasze ograniczenia i mo\u017cliwo\u015bci.<\/strong><\/span><\/p>\n<p><span style=\"color: #333333; font-family: verdana, geneva, sans-serif;\">\u00a0 \u00a0 \u00a0 \u00a0 \u00a0 \u00a0 \u00a0 \u00a0 \u00a0\u00a0<a style=\"color: #333333;\" href=\"http:\/\/moja-terapia.pl\/wp-content\/uploads\/2022\/01\/page2.jpg\"><img loading=\"lazy\" decoding=\"async\" class=\"alignnone size-medium wp-image-980\" src=\"http:\/\/moja-terapia.pl\/wp-content\/uploads\/2022\/01\/page2-300x300.jpg\" alt=\"\" width=\"300\" height=\"300\" srcset=\"https:\/\/moja-terapia.pl\/wp-content\/uploads\/2022\/01\/page2-300x300.jpg 300w, https:\/\/moja-terapia.pl\/wp-content\/uploads\/2022\/01\/page2-150x150.jpg 150w, https:\/\/moja-terapia.pl\/wp-content\/uploads\/2022\/01\/page2-380x380.jpg 380w, https:\/\/moja-terapia.pl\/wp-content\/uploads\/2022\/01\/page2-285x285.jpg 285w, https:\/\/moja-terapia.pl\/wp-content\/uploads\/2022\/01\/page2.jpg 404w\" sizes=\"(max-width: 300px) 100vw, 300px\" \/>\u00a0\u00a0\u00a0<\/a><a style=\"color: #333333;\" href=\"http:\/\/moja-terapia.pl\/wp-content\/uploads\/2022\/01\/collage.png\"><img loading=\"lazy\" decoding=\"async\" class=\"alignnone wp-image-982\" src=\"http:\/\/moja-terapia.pl\/wp-content\/uploads\/2022\/01\/collage-300x300.png\" alt=\"\" width=\"304\" height=\"304\" srcset=\"https:\/\/moja-terapia.pl\/wp-content\/uploads\/2022\/01\/collage-300x300.png 300w, https:\/\/moja-terapia.pl\/wp-content\/uploads\/2022\/01\/collage-150x150.png 150w, https:\/\/moja-terapia.pl\/wp-content\/uploads\/2022\/01\/collage-768x768.png 768w, https:\/\/moja-terapia.pl\/wp-content\/uploads\/2022\/01\/collage-570x570.png 570w, https:\/\/moja-terapia.pl\/wp-content\/uploads\/2022\/01\/collage-380x380.png 380w, https:\/\/moja-terapia.pl\/wp-content\/uploads\/2022\/01\/collage-285x285.png 285w, https:\/\/moja-terapia.pl\/wp-content\/uploads\/2022\/01\/collage.png 800w\" sizes=\"(max-width: 304px) 100vw, 304px\" \/><\/a><a style=\"color: #333333;\" href=\"http:\/\/moja-terapia.pl\/wp-content\/uploads\/2022\/01\/page3.jpg\"><img loading=\"lazy\" decoding=\"async\" class=\"alignnone size-medium wp-image-981\" src=\"http:\/\/moja-terapia.pl\/wp-content\/uploads\/2022\/01\/page3-300x300.jpg\" alt=\"\" width=\"300\" height=\"300\" srcset=\"https:\/\/moja-terapia.pl\/wp-content\/uploads\/2022\/01\/page3-300x300.jpg 300w, https:\/\/moja-terapia.pl\/wp-content\/uploads\/2022\/01\/page3-150x150.jpg 150w, https:\/\/moja-terapia.pl\/wp-content\/uploads\/2022\/01\/page3-380x380.jpg 380w, https:\/\/moja-terapia.pl\/wp-content\/uploads\/2022\/01\/page3-285x285.jpg 285w, https:\/\/moja-terapia.pl\/wp-content\/uploads\/2022\/01\/page3.jpg 404w\" sizes=\"(max-width: 300px) 100vw, 300px\" \/><\/a><\/span><\/p>\n<p style=\"text-align: justify;\"><span style=\"font-size: 14pt; color: #333333; font-family: verdana, geneva, sans-serif;\">Na razie kocham to miejsce &#8211; 3 hektary \u0142\u0105k na granicy torfowisk i las\u00f3w 50 km od Warszawy. G\u0142o\u015bno krzycz\u0105ce \u017curawie, przemykaj\u0105ce sarny, jelenie, \u0142osie i zaj\u0105ce. Wysychaj\u0105c\u0105 latem rzeczk\u0119, poczucie przestrzeni i rozlu\u017anienia jakie pojawia si\u0119 w duszy, ciele i umy\u015ble po kilkunastu minutach pobytu. <\/span><\/p>\n<p style=\"text-align: justify;\"><span style=\"color: #333333; font-family: verdana, geneva, sans-serif;\"><span style=\"font-size: 14pt;\">Powstanie tu siedlisko, w kt\u00f3rym postaram si\u0119 z szacunkiem \u0142\u0105czy\u0107 tradycj\u0119 ze wsp\u00f3\u0142czesno\u015bci\u0105. Potrzeb\u0119 samotno\u015bci z potrzeb\u0105 wsp\u00f3\u0142uczestnictwa, potrzeb\u0119 aktywno\u015bci z potrzeb\u0105 odpoczynku, potrzeb\u0119 op\u0142akiwania z potrzeb\u0105 \u015bwi\u0119towania i wiele innych.\u00a0<\/span><span style=\"font-size: 18.6667px;\">Pomog\u0105 nam w tym r\u00f3\u017cne formu\u0142y spotka\u0144 i zapraszani go\u015bcie.<\/span><\/span><\/p>\n<p style=\"text-align: justify;\"><span style=\"font-size: 18.6667px; color: #333333; font-family: verdana, geneva, sans-serif;\">Do zobaczenia wkr\u00f3tce!<\/span><\/p>\n","protected":false},"excerpt":{"rendered":"<p>Chc\u0119 stworzy\u0107 przestrze\u0144, w kt\u00f3rej mo\u017cliwe b\u0119dzie po\u0142\u0105czenie wszystkiego, co uwa\u017cam za niezb\u0119dne dla zdrowia psychicznego &#8211; autentycznego kontaktu ze sob\u0105, drugim cz\u0142owiekiem i natur\u0105 oraz mo\u017cliwo\u015bci odkrywania r\u00f3\u017cnych kombinacji tych trzech sk\u0142adnik\u00f3w &#8211; sposobu w jaki wp\u0142ywaj\u0105 na nasze ograniczenia i mo\u017cliwo\u015bci. \u00a0 \u00a0 \u00a0 \u00a0 \u00a0 \u00a0 \u00a0 \u00a0 \u00a0\u00a0\u00a0\u00a0\u00a0 Na razie kocham [&hellip;]<\/p>\n","protected":false},"author":1,"featured_media":0,"parent":0,"menu_order":0,"comment_status":"closed","ping_status":"closed","template":"","meta":{"footnotes":""},"categories":[],"tags":[],"_links":{"self":[{"href":"https:\/\/moja-terapia.pl\/index.php?rest_route=\/wp\/v2\/pages\/937"}],"collection":[{"href":"https:\/\/moja-terapia.pl\/index.php?rest_route=\/wp\/v2\/pages"}],"about":[{"href":"https:\/\/moja-terapia.pl\/index.php?rest_route=\/wp\/v2\/types\/page"}],"author":[{"embeddable":true,"href":"https:\/\/moja-terapia.pl\/index.php?rest_route=\/wp\/v2\/users\/1"}],"replies":[{"embeddable":true,"href":"https:\/\/moja-terapia.pl\/index.php?rest_route=%2Fwp%2Fv2%2Fcomments&post=937"}],"version-history":[{"count":13,"href":"https:\/\/moja-terapia.pl\/index.php?rest_route=\/wp\/v2\/pages\/937\/revisions"}],"predecessor-version":[{"id":1309,"href":"https:\/\/moja-terapia.pl\/index.php?rest_route=\/wp\/v2\/pages\/937\/revisions\/1309"}],"wp:attachment":[{"href":"https:\/\/moja-terapia.pl\/index.php?rest_route=%2Fwp%2Fv2%2Fmedia&parent=937"}],"wp:term":[{"taxonomy":"category","embeddable":true,"href":"https:\/\/moja-terapia.pl\/index.php?rest_route=%2Fwp%2Fv2%2Fcategories&post=937"},{"taxonomy":"post_tag","embeddable":true,"href":"https:\/\/moja-terapia.pl\/index.php?rest_route=%2Fwp%2Fv2%2Ftags&post=937"}],"curies":[{"name":"wp","href":"https:\/\/api.w.org\/{rel}","templated":true}]}}